-6)?
0
Let y be -1*2252*10/(-40). Let m = y + 424. What is the units digit of m?
7
Let v(y) = 2*y + 3. Let l(n) = -31*n + 38. Let o(c) = -l(c) + 4*v(c). What is the units digit of o(30)?
4
Suppose d = p - 84, 2*p - 6*d = -3*d + 172. Let i = -179 + p. Let y = -42 - i. What is the tens digit of y?
5
Let g be (-50)/80*4 - 13/(-2). What is the tens digit of (24/(-18))/(g/(-1038))?
4
What is the thousands digit of (345202/(-272) + 7/(-56))*64/(-2)?
0
Suppose 0 = -2*l + 19 + 21. Let k = -18 + l. What is the tens digit of 6258/105*5/k?
4
Let w be (0 - (4 + -2))/((-4)/20). Suppose -3 = -w*a + 13*a. What is the units digit of (79 - (-6 + 2)) + 2 + a?
4
Let p(i) = 13*i + 24. Let n be p(-2). What is the hundreds digit of (-3 - 1289)*1/n?
6
Let r(f) = -250*f + 374. What is the units digit of r(-16)?
4
Suppose 0 = -67*p + 39051 - 2067. What is the tens digit of (p/(-9))/((-42)/945)?
8
Suppose -2*p + 2*u = -2 - 2, 5*p - 3*u - 12 = 0. Let b(w) = 49*w**2 + w + 16. What is the hundreds digit of b(p)?
4
Let b(o) = o + 18. Suppose s - 2*c + 5 = 0, 0 + 25 = -5*s + 3*c. Let u be b(s). Suppose 2*i - u*g + 11*g - 486 = 0, -g = 4. What is the units digit of i?
9
Let h(n) = n**2 + 10*n - 17. Let u be h(18). Suppose -u = 10*i - 4857. What is the hundreds digit of i?
4
Let t(f) = -f**3 - 14*f**2 + f - 31. Let z(h) = 6*h - h**2 + 2*h**2 + 3 - 17*h. Let b be z(9). What is the units digit of t(b)?
9
Let f be (-2 + 21)*-2 + 3. Let v be (-3)/(f/(-84) + 1/(-6)). What is the tens digit of 58/1 - 0*(-4)/v?
5
Suppose -h = -38 + 35. Suppose -2*d = s - 15, 3*d = h*s - s - 2. Suppose -4*i = -n + 122, -s*n + 3*n + 2*i + 502 = 0. What is the units digit of n?
6
Suppose 4*m + 0*n + 149 = n, -4*m - 2*n = 134. Let k = -33 - m. Suppose -l + 48 = k*c, 3*l = 8*l + 2*c - 305. What is the units digit of l?
3
Let z(r) = 11*r + 93. Let h be z(-9). What is the hundreds digit of (20/h - -4)*453?
3
Let z(w) = -w**3 + 10*w**2 - 7*w - 12. Let i be z(9). What is the units digit of (i/8)/(6/3624)?
3
Let t(g) = -14*g**3 - 55*g**2 - 57*g - 134. Let p(s) = -5*s**3 - 18*s**2 - 17*s - 45. Let r(n) = -11*p(n) + 4*t(n). What is the tens digit of r(-21)?
7
Let t(y) = 18*y + 7. Let q be t(-18). Let b = -170 - q. What is the tens digit of b?
4
Let c(t) = -t**3 - t**2 - 2*t + 2. Suppose b = -b + 5*i - 20, 0 = 5*b - i + 4. Suppose 4*k + k = b. What is the units digit of c(k)?
2
Let b(s) = s**3 - 12*s**2 + 5*s - 26. Let n be b(12). Let c = n - 33. What is the tens digit of (-1 + c + 42)*3?
2
Let m(k) = k**3 - 21*k**2 + 13 - 5*k**2 + 11*k**2 - k**2 + 33*k. What is the units digit of m(15)?
3
Let s = -29 + 31. Suppose -284 = -4*u - n + 9, 154 = 2*u - s*n. Let k = u - -7. What is the tens digit of k?
8
Let x(r) = 14*r**2 + 5*r + 28. Suppose -11*s = -17*s - 30. What is the hundreds digit of x(s)?
3
Suppose -2*a - 3*f = -103256 + 34584, 16 = -4*f. What is the tens digit of a?
4
Let v be 1*(-4 + 0) + 6. Suppose -3*u = -80 + v. Suppose 0 = -4*m + 318 - u. What is the tens digit of m?
7
Let h(o) be the second derivative of 15*o**4/4 - 3*o**3/2 + 3*o**2 - 24*o. Let s be h(3). Suppose 0 = 10*p - 2*p - s. What is the units digit of p?
8
Let f(l) = 5*l + 23. Let g be f(-4). Suppose 1 = -g*b - 2. Let y(h) = -43*h**3 - 2*h**2 + 1. What is the units digit of y(b)?
2
Suppose 0*c - 16 = -2*p - 3*c, 0 = 5*p - 4*c + 6. Suppose 0 = -5*z + p*o + 1951, 0*o - 1565 = -4*z + 3*o. What is the tens digit of z?
8
What is the thousands digit of (-3395 - -1)*65/(-26)?
8
Suppose -5*l - 20 = 0, -3*j + 8*j = 4*l - 189. Let n = -14 - j. What is the tens digit of 3/n + 9660/54?
7
Let d(s) = -31*s - 51. Let i be d(-19). Suppose 2*t = 252 + i. Suppose -p = -3*l - 12 - 83, 4*p = -3*l + t. What is the units digit of p?
8
Let u(g) = -g**3 + 9*g**2 + 20*g + 41. Let v be u(10). Let l(t) = -2*t**2 - 5*t + 3. Let w be l(6). Let j = v + w. What is the units digit of j?
2
What is the thousands digit of (6/8 + (-135)/36)*(-51394)/42?
3
Let j(r) = -r**3 + 13*r**2 - 4*r + 11. Suppose 19*q = 2*c + 15*q - 8, -q - 27 = -3*c. What is the tens digit of j(c)?
7
What is the tens digit of -3432*((-16)/9)/(8/12)?
5
Let y be 0*(-2 + -1)*2/(-6). Suppose -3*k + 5*i + 40 = 0, y*i + 35 = 3*k - 4*i. What is the units digit of 54*((-1)/k - 8/(-15))?
8
Let l = 7996 - 3518. What is the thousands digit of l?
4
Let d be 185/222 + 7/6. Suppose 0 = 4*w - 4*v + 8*v - 428, 4*w = d*v + 422. What is the tens digit of w?
0
What is the tens digit of ((-621)/18)/(1 - 414/412)?
0
Suppose -6*w - 2 = -50. Suppose 4*s = 3*j + 1420, w*j - 1060 = -3*s + 9*j. What is the hundreds digit of s?
3
Let c be 6/(-4)*(-22)/33*5. Suppose 4*m = c*w - 18, w - m + 9 = 4*m. Suppose -w*u - 19 = -163. What is the tens digit of u?
2
Let q = 4086 - 1832. What is the hundreds digit of q?
2
Let w = 21 - -9. What is the tens digit of 1 + w - (6 - (2 + 0))?
2
Let o(t) = -2*t**2 + 3*t - 3. Let g be o(2). Let r be (3924/g)/(-2) - 12/30. Suppose 4*d + c = r, -15 = d + 3*c - 113. What is the units digit of d?
8
Let b be 122/3*144/8. Suppose 5*o - 2 = -7, 2*i - b = -4*o. What is the tens digit of i?
6
Let m be (452/2)/((-6)/(-3)). Let p(f) = f**3 - 26*f**2 + 25*f - 9. Let c be p(25). Let q = c + m. What is the hundreds digit of q?
1
Suppose 3*k + 2447 = 2*l + 4*k, 0 = -5*l + 3*k + 6090. What is the tens digit of l?
2
Suppose -19*p + 569284 - 125195 = -142004. What is the tens digit of p?
4
Let a(b) = -b**3 - b**2 + 5*b - 1. Let i be a(-3). Suppose -4*j = 5*u + 209, -i*u - 71 - 10 = -j. Let p = 69 + u. What is the tens digit of p?
2
Let r = -29012 + 44692. What is the ten thousands digit of r?
1
Let h = 46 + -38. Let b(i) = -i**3 + 11*i**2 + 4*i - 2. What is the tens digit of b(h)?
2
Let s(g) = -g**3 + 20*g**2 + 94*g + 3. Let m be s(-4). Let p(c) = -c**3 + 10*c**2 + 16*c + 7. What is the tens digit of p(m)?
6
Let a(j) = 5 - j**3 + 29*j + 22*j + 2*j**2 - 32*j. What is the units digit of a(-9)?
5
Suppose 251*b - 78339 - 328715 = -104097. What is the units digit of b?
7
Let n be 9/6 + 275/10. What is the units digit of (-4205)/n*(-1 + (-2)/(-5))?
7
Let m be (1136/1 - (-24 + 24)) + 3. Suppose m = -19*b + 5224. What is the hundreds digit of b?
2
Suppose 87*x + 81*x + 50508 = 180*x. What is the units digit of x?
9
Suppose 37*k + 4249980 = 22*k + 75*k. What is the thousands digit of k?
0
Let b be (2/(-6))/(6 + (-178835)/29805). Let k = -710 + b. What is the hundreds digit of k?
2
Let y(z) = -63*z - 2685. What is the tens digit of y(-53)?
5
Let s(b) = -12112*b**3 - 9*b**2 + 3*b - 1. What is the ten thousands digit of s(-1)?
1
Suppose -4*y - 25504 = 4*s, 3*s - 2*y - 6376 = 4*s. Let i be (s/(-12) + -4)*(-3)/(-2). Suppose 10*d - 329 = i. What is the units digit of d?
2
Let i(o) = -363*o - 6. Let a = -51 + 50. What is the units digit of i(a)?
7
Let y(x) = 132*x - 25. Let s be y(14). Suppose 8*j + 287 = s. What is the tens digit of j?
9
Let c(v) be the second derivative of -v**3/6 + v**2/2 - 25*v. Let d be c(13). Let s(t) = 4*t**2 + 41*t + 12. What is the units digit of s(d)?
6
Suppose -o - 5*o = -858. Suppose o = x + 10. Let a = -84 + x. What is the tens digit of a?
4
What is the ten thousands digit of 1/(-6 + (4724346/71580)/11)?
1
Let t(o) = 10*o**3 + 23*o**2 - 69*o + 66. What is the hundreds digit of t(12)?
8
Let i(f) = 7*f**2 - 5*f + 37. Let m(h) = 2*h**3 + 6*h**2 + 5*h - 6. Let g be m(-2). What is the units digit of i(g)?
5
Let r = 803 + -815. What is the units digit of (-1480)/r - (-120)/72?
5
Suppose -2*m = -3*m + 2*s + 9, -4*s = 2*m - 26. Suppose m*n = -n + 1008. What is the units digit of n?
4
Suppose -99*j = -11*j - 41360. What is the tens digit of j?
7
Suppose -8*l + 3*l - 1695 = 0. Let q(f) = f**3 + 3*f**2 + 7. Let c be q(-7). Let r = c - l. What is the hundreds digit of r?
1
Let f be 86096/10 + 32/80. What is the hundreds digit of (-8)/(-3)*f/40?
5
Let f(y) = -525*y - 2617. What is the tens digit of f(-17)?
0
Suppose b = -3*x + 328, -4*b - 63 - 29 = -x. Suppose 294 - x = -3*t. Let y = 15 - t. What is the tens digit of y?
7
Let h(f) = 54*f - 226. Suppose 4*z = -2*t + 6*t - 104, -2*z = 2*t - 36. What is the units digit of h(t)?
2
What is the tens digit of 31/(93/40716) + 15?
8
Let j(u) be the second derivative of u**4/12 - u**3/3 + 7*u**2/2 + 2*u. Let k be j(3). Suppose k*p - 266 = -4*p. What is the units digit of p?
9